a factor of 703760?
True
Is 22 a factor of 1027092?
True
Is 28649905 a multiple of 11?
False
Is 1071918 a multiple of 102?
True
Is 8 a factor of 2038767?
False
Is 7117310 a multiple of 8?
False
Is 7 a factor of 3824413?
False
Does 9 divide 5582817?
True
Does 120 divide 22080?
True
Is 466080 a multiple of 2?
True
Is 38087032 a multiple of 21?
False
Is 59 a factor of 9930492?
False
Is 162408 a multiple of 12?
True
Is 51 a factor of 50825?
False
Does 26 divide 28411?
False
Is 425663 a multiple of 511?
True
Is 1048 a factor of 5715792?
True
Is 271170 a multiple of 262?
True
Is 7674754 a multiple of 226?
False
Is 909 a factor of 6780629?
False
Is 1931262 a multiple of 654?
True
Is 29 a factor of 4247050?
True
Is 107 a factor of 1089260?
True
Is 2 a factor of 86884?
True
Is 211 a factor of 248968?
False
Is 117593 a multiple of 209?
False
Is 414 a factor of 13955554?
False
Is 149 a factor of 12514957?
True
Is 307 a factor of 780701?
True
Is 672 a factor of 443520?
True
Is 10 a factor of 3640519?
False
Is 490 a factor of 52920?
True
Is 83 a factor of 1639516?
False
Is 36024 a multiple of 87?
False
Is 10295371 a multiple of 10?
False
Is 14 a factor of 284894?
False
Is 34 a factor of 25395?
False
Is 571939 a multiple of 181?
False
Is 533498 a multiple of 14?
True
Is 126 a factor of 4360406?
False
Is 980340 a multiple of 30?
True
Does 199 divide 152036?
True
Does 103 divide 834300?
True
Is 42 a factor of 204868?
False
Does 53 divide 882814?
False
Is 45 a factor of 246915?
True
Is 117 a factor of 3242489?
False
Is 3010497 a multiple of 27?
False
Does 312 divide 381264?
True
Does 5 divide 940150?
True
Is 9 a factor of 8082?
True
Does 533 divide 289683?
False
Does 79 divide 9383304?
True
Is 16 a factor of 5326244?
False
Is 6637884 a multiple of 12?
True
Is 632016 a multiple of 108?
True
Does 9 divide 316383?
False
Does 477 divide 398772?
True
Is 2525124 a multiple of 390?
False
Does 6 divide 4408236?
True
Is 45 a factor of 1604633?
False
Is 173 a factor of 521748?
False
Is 109396 a multiple of 7?
True
Does 16 divide 197560?
False
Does 33 divide 8940030?
True
Is 34 a factor of 3518596?
False
Does 1917 divide 9121086?
True
Does 290 divide 2782337?
False
Does 63 divide 333207?
True
Is 302 a factor of 40629?
False
Does 8 divide 355152?
True
Is 10 a factor of 160238?
False
Is 1280272 a multiple of 644?
True
Is 67 a factor of 97820?
True
Is 61382 a multiple of 94?
True
Is 1189 a factor of 7214172?
False
Is 697 a factor of 1013383?
False
Does 827 divide 549128?
True
Is 12 a factor of 2229?
False
Does 5 divide 2646373?
False
Is 153 a factor of 47889?
True
Is 13 a factor of 112252?
False
Is 19 a factor of 1013374?
False
Is 576549 a multiple of 16?
False
Is 47 a factor of 30832?
True
Is 196382 a multiple of 53?
False
Does 113 divide 6703466?
False
Is 1335775 a multiple of 3?
False
Is 7550 a multiple of 129?
False
Does 4 divide 52363?
False
Is 74 a factor of 19018?
True
Is 1160148 a multiple of 94?
True
Does 1181 divide 12664825?
False
Does 50 divide 226150?
True
Is 328202 a multiple of 49?
True
Is 816 a factor of 2221347?
False
Is 3681 a multiple of 9?
True
Is 18 a factor of 537080?
False
Is 12 a factor of 783576?
True
Is 43 a factor of 3225?
True
Does 173 divide 3625612?
False
Is 51230 a multiple of 16?
False
Is 453601 a multiple of 26?
False
Is 607 a factor of 6368037?
True
Is 105 a factor of 8774640?
True
Does 634 divide 1352322?
True
Does 92 divide 2593637?
False
Is 336774 a multiple of 84?
False
Is 283096 a multiple of 28?
False
Is 99 a factor of 117117?
True
Is 15466348 a multiple of 672?
False
Is 1185297 a multiple of 36?
False
Is 33 a factor of 126605?
False
Is 8 a factor of 2070904?
True
Does 30 divide 3394584?
False
Does 201 divide 33768?
True
Is 102 a factor of 211752?
True
Does 240 divide 285552?
False
Is 261485 a multiple of 155?
True
Is 73 a factor of 313024?
True
Is 534 a factor of 168297?
False
Does 2 divide 212122?
True
Is 52 a factor of 90636?
True
Is 567 a factor of 447123?
False
Is 2686281 a multiple of 13?
True
Does 37 divide 127909?
True
Does 56 divide 1425760?
True
Is 13967 a multiple of 24?
False
Does 59 divide 6541094?
True
Is 902 a factor of 2595054?
True
Is 204 a factor of 1986052?
False
Is 1053415 a multiple of 210?
False
Is 502 a factor of 467864?
True
Is 25 a factor of 1898625?
True
Is 23 a factor of 593055?
True
Is 18 a factor of 128739?
False
Is 239872 a multiple of 64?
True
Does 108 divide 30884?
False
Does 15 divide 1582791?
False
Is 37 a factor of 49361?
False
Does 7 divide 9793?
True
Is 3 a factor of 450831?
True
Is 43730 a multiple of 72?
False
Is 7367439 a multiple of 369?
False
Is 18 a factor of 302436?
True
Does 49 divide 21076?
False
Is 18 a factor of 211518?
True
Is 706503 a multiple of 21?
True
Does 234 divide 23868?
True
Is 81973 a multiple of 6?
False
Is 132538 a multiple of 14?
True
Is 30 a factor of 43853?
False
Is 691752 a multiple of 228?
True
Does 201 divide 817668?
True
Is 75202 a multiple of 19?
True
Is 20 a factor of 994341?
False
Does 69 divide 447217?
False
Is 219 a factor of 3370281?
False
Is 2 a factor of 320330?
True
Does 119 divide 2458002?
False
Is 15 a factor of 178902?
False
Is 3 a factor of 19209?
True
Does 3 divide 8968?
False
Is 461 a factor of 6454?
True
Is 7573660 a multiple of 844?
False
Is 37009 a multiple of 44?
False
Does 1098 divide 4598424?
True
Does 46 divide 758126?
True
Does 24 divide 125002?
False
Is 14 a factor of 2491418?
False
Is 633802 a multiple of 95?
False
Is 2444022 a multiple of 21?
True
Is 147500 a multiple of 250?
True
Does 1270 divide 708255?
False
Does 14 divide 2884742?
True
Is 1989397 a multiple of 174?
False
Does 21 divide 759870?
False
Does 16 divide 3458423?
False
Is 81 a factor of 1566705?
False
Does 36 divide 2448?
True
Does 18 divide 12514404?
False
Is 3069818 a multiple of 239?
False
Is 44 a factor of 4852804?
True
Is 17 a factor of 61516?
False
Is 22 a factor of 4202066?
True
Is 46781 a multiple of 9?
False
Does 82 divide 34604?
True
Is 3331120 a multiple of 520?
True
Is 775 a factor of 1246778?
False
Is 5554995 a multiple of 364?
False
Is 67 a factor of 5473364?
True
Is 30 a factor of 240570?
True
Is 3 a factor of 122484?
True
Does 17 divide 205582?
False
Is 15 a factor of 211934?
False
Is 583675 a multiple of 26?
False
Does 51 divide 1557285?
True
Is 60419 a multiple of 8?
False
Is 6879168 a multiple of 32?
True
Is 4 a factor of 702532?
True
Does 98 divide 30726?
False
Is 154531 a multiple of 388?
False
Does 110 divide 2111380?
False
Is 420 a factor of 675845?
False
Is 5 a factor of 114947?
False
Is 90569 a multiple of 88?
False
Is 20575007 a multiple of 29?
True
Is 1999062 a multiple of 7?
False
Is 298 a factor of 9695863?
False
Is 14 a factor of 41776?
True
Is 5 a factor of 10580?
True
Does 94 divide 67116?
True
Does 17 divide 99399?
True
Does 2 divide 14253?
False
Does 89 divide 2608145?
True
Is 77 a factor of 147334?
False
Is 16 a factor of 2133872?
True
Is 75 a factor of 340597?
False
Does 7 divide 1991235?
False
Is 19 a factor of 1515271?
False
Is 827 a factor of 10181076?
False
Is 17 a factor of 260335?
False
Is 207 a factor of 1524555?
True
Is 8 a factor of 650272?
True
Is 605451 a multiple of 77?
True
Is 5 a factor of 709528?
False
Is 30537 a multiple of 39?
True
Is 315299 a multiple of 6?
False
Is 11 a factor of 1188767?
False
Does 54 divide 371805?
False
Is 47 a factor of 1580761?
False
Does 415 divide 88810?
True
Is 52403 a multiple of 377?
True
Does 11 divide 532561?
False
Is 3 a factor of 1404429?
True
Is 8 a factor of 24534?
False
Is 772 a factor of 1089292?
True
Does 97 divide 54029?
True
Does 20 divide 29680?
True
Is 59 a factor of 4345519?
False
Is 45 a factor of 1193805?
True
Is 213 a factor of 15123?
True
Does 7 divide 249233?
False
Is 66408 a multiple of 6?
True
Does 5 divide 542110?
True
Does 25 divide 188195?
False
Is 1654052 a multiple of 514?
True
Does 279 divide 2225864?
False
Does 221 divide 6197844?
False
Is 657149 a multiple of 12?
False
Is 2461544 a multiple of 98?
False
Is 44 a factor of 329560?
True
Does 15 divide 294795?
True
Does 191 divide 807548?
True
Does 5 divide 89046?
False
Is 3 a factor of 2454681?
True
Is 21 a factor of 8735832?
True
Is 13182038 a multiple of 443?
False
Does 164 divide 1420240?
True
Does 148 divide 48330